 when y is divided by 33.
32
Suppose 4*h - 9 = -5. Calculate the remainder when 102 is divided by -1 - h*(-23 - -1).
18
Suppose 0 = -6*n + 15*n - 5166. Calculate the remainder when n is divided by 48.
46
Suppose -12*n + 303 = -669. Let u(a) be the third derivative of -7*a**6/40 - a**5/60 - a**4/24 - a**2. What is the remainder when n is divided by u(-1)?
18
Suppose 2*u = 2*o - 18 - 58, -o + 2*u + 34 = 0. Calculate the remainder when (-6)/21 + 3330/o is divided by 27.
25
Suppose -w + 28 = 5*k - 43, -4*k + 246 = 3*w. What is the remainder when 150 is divided by w?
64
Let t be -1 + (-10)/(-2) + -2. Suppose 5*z = -5*h - 10, -t*z + 3*h = h - 16. Let i = 10 - 1. What is the remainder when i is divided by z?
0
Suppose 0*b - 3*g - 22 = -5*b, 3*b + 5*g = 20. Suppose u = -0 + b. Calculate the remainder when 29 is divided by u.
4
Let l = 64 + -50. Calculate the remainder when 85 is divided by (l/(-35))/((-1)/55).
19
Let m(s) be the third derivative of -s**6/120 - s**5/10 + 5*s**4/24 - 20*s**2. Calculate the remainder when 49 is divided by m(-7).
7
Suppose 490 = 16*y - 6*y. Calculate the remainder when (-3186)/(-22) + 1/(11/2) is divided by y.
47
Let g(i) = -3*i**3 - 2*i**2 - 11*i - 16. Calculate the remainder when g(-3) is divided by 43.
37
Suppose -a - 2*a = -5*s - 214, -5*a + 346 = -3*s. What is the remainder when 336 is divided by a?
64
Let f(m) = m**3 - 6*m**2 + m - 4. Let g be -1 + 3/((-3)/(-7)). Let x(y) = -y**2 - 8*y - 4. Calculate the remainder when x(-7) is divided by f(g).
1
Suppose 2*c + 2 = 16. Let p = c + 26. Suppose 3*m + 12 = p. What is the remainder when 20 is divided by m?
6
Suppose 9*l - 11*l = 32. Let s = l + 47. Calculate the remainder when s is divided by 11.
9
Let q(b) = b + 97. What is the remainder when q(0) is divided by 1520/64 + (-10)/(-8)?
22
Let z = 172 - 26. Let b = z - 101. What is the remainder when b is divided by 8?
5
Let p(j) = -2*j**2 + 27*j - 5. Let w be ((-1)/(1/(-1)))/(3/39). What is the remainder when 22 is divided by p(w)?
6
Let u(i) = i**2 + 2*i - 10. Let w(o) = -o - 11. Let f be w(-11). Let m be u(f). What is the remainder when (319/55)/((-2)/m) is divided by 10?
9
Suppose -13*q + 1122 = -737. Suppose 9*n - q = 100. Let z = 132 + -25. Calculate the remainder when z is divided by n.
26
Let g(m) = m**2 - 2*m - 32. Calculate the remainder when g(9) is divided by 14.
3
Let o be 2 - 0 - (5 - 3). Suppose 0*h = h - 4*r + 4, -5*h + 2*r + 16 = o. Calculate the remainder when -3*(-6)/9*h is divided by 5.
3
What is the remainder when 333 is divided by (0 - 0) + 13 + -9 + 4?
5
Suppose 12 = 4*g + 5*r, 15 = 5*g - 21*r + 26*r. Suppose 4*t - 121 = -33. What is the remainder when t is divided by g?
1
Suppose -14 = -5*b + 1. Suppose 5 = b*p - 28. Calculate the remainder when 18 is divided by p.
7
Let z(g) = 4*g**2 - g - 75. Let f(m) = 13*m**2 - 4*m - 226. Let r(d) = -2*f(d) + 7*z(d). What is the remainder when 94 is divided by r(7)?
30
Let i = 118 + -81. Suppose 0 = -3*u - 3*u + 462. Let g = u - 67. Calculate the remainder when i is divided by g.
7
Let r = -1584 - -1606. Calculate the remainder when 235 is divided by r.
15
Let j(u) = -4*u - 76. Calculate the remainder when 321 is divided by j(-46).
105
Suppose -201 = -4*l + 95. Suppose -38*w + 24*w + 350 = 0. What is the remainder when l is divided by w?
24
Let w = -145 - -158. Let i(k) = -k**3 + 12*k**2 + 15*k - 15. What is the remainder when 30 is divided by i(w)?
8
Let v = 27 - 22. Suppose g + v*l - 3 = 0, 5 = g + 4*l - l. What is the remainder when g is divided by 5?
3
Suppose 3*v + z + z = 5, 5*v - z - 30 = 0. Suppose -17 = -2*o - 3*x, -6*o + 11*o - 5*x = v. What is the remainder when ((-18)/3)/3 - -11 is divided by o?
1
Suppose -19 = 3*u - 31. Suppose u*x - x + i = 97, 2*x = i + 68. Calculate the remainder when x is divided by 2/(-1) + 1 + 10.
6
Let a(n) be the first derivative of n**3/3 - 3*n**2/2 + 5*n + 3. Let j be a(5). Let v = j + -10. What is the remainder when 19 is divided by v?
4
Suppose 5*f - 3*f = -2. What is the remainder when (1 - f)/((-2)/(-59)) is divided by 20?
19
Let v be (-1 + 21)*5/20. Suppose -v*k + 60 = -10. What is the remainder when 314/8 + (-2)/8 is divided by k?
11
Suppose -58 = -z + 13. Calculate the remainder when z is divided by 10 + 7 + 2 + 4/(-1).
11
Suppose 0 = -2*l - 0*l - 66. Let n = -11 - l. Calculate the remainder when n is divided by 8.
6
Let x = 16 + 10. Let f = x + -14. What is the remainder when 32 is divided by f?
8
Suppose 2*g + 28 = 5*w, 0 = -3*w - 4*g + 6 - 10. Calculate the remainder when 2/12 + ((-1449)/(-54) - w) is divided by 7.
2
Let f = -24 - -316. Calculate the remainder when f is divided by 49.
47
Let t = -53 - -79. Let s(c) = -c**2 - 17*c + 7. Suppose -m + 5*h + 13 = -3*m, 2*m - 3*h + 37 = 0. What is the remainder when s(m) is divided by t?
23
Let f = -1829 + 1909. What is the remainder when 2878 is divided by f?
78
Suppose 2*q - 57 = 5*s + 5*q, 65 = -5*s + 5*q. Calculate the remainder when 23 is divided by s/(-3) - (-8 - 1).
10
Let j be 2/(6/9) - 3. Suppose j = -5*x + 46 + 464. Suppose -2*q - 26 + x = 0. What is the remainder when q is divided by 13?
12
Suppose 0 = -6*y + 3*y - 2*d + 124, 0 = 4*y + d - 172. Calculate the remainder when 164 is divided by y.
32
Let s(i) = 2*i**2 + 19*i + 33. Let l be s(-12). Let x = -52 + l. Let b(q) = q**2 + 11*q + 2. Calculate the remainder when x is divided by b(-12).
13
Suppose -6 = 2*b - 5*m - 0*m, -3*b - 30 = 3*m. Let z be b/((4 + -8)/2). Suppose -z*q = -2*q - 32. Calculate the remainder when 47 is divided by q.
15
Let n(u) = u**3 + 8*u**2 - 8*u + 13. Let f be n(-9). Let z(h) = -h**3 + 7*h**2 - 8*h - 3. Calculate the remainder when 18 is divided by z(f).
5
Suppose -2*f + 5 = 1. Suppose -f*v + 45 = 3*v. Calculate the remainder when 2 is divided by (-2)/(-1)*9/v.
0
Suppose 3050 = 2*p + 59*p. What is the remainder when 244 is divided by p?
44
Suppose -2*q - 230 = 3*q. Let j = 88 + q. What is the remainder when 82 is divided by j?
40
Suppose 5*s - 160 + 44 = 2*c, s - 4*c = 16. Suppose -4 = 5*p - s. Suppose -p*g - 1 = -17, -5*g = 2*l - 46. Calculate the remainder when l is divided by 9.
4
Let j = 18 + -21. Let x be 2/1 + (j - -52). Suppose -t - 71 = -6*t + 2*y, 3*t - x = 4*y. Calculate the remainder when 37 is divided by t.
11
Suppose -8*s - 1 = -9. Suppose s = -5*v + 46. What is the remainder when 17 is divided by v?
8
Suppose u = -l + 6*u + 71, 0 = -l - 2*u + 36. What is the remainder when l is divided by 24?
22
Let w(m) = 13*m + 449. Calculate the remainder when w(-31) is divided by 12.
10
Let l(b) = b**3 + 8*b**2 - 3*b + 9. Let d(u) = u**3 - 12*u**2 - 3*u + 28. Let t be d(12). What is the remainder when l(t) is divided by 4?
1
Suppose i - 4*g = 16, -2*i - 28 = -3*i - 2*g. Calculate the remainder when 51 is divided by i.
3
Suppose 2*x + 65 = 7*x. Suppose 0*d = 4*g + 2*d - 26, -2*g + 4*d = 2. Suppose -g*n = -b + x, b - 12 - 15 = -2*n. What is the remainder when 44 is divided by b?
21
Let k(q) be the third derivative of 0*q - 3*q**2 + 7/30*q**5 + 0*q**3 + 0 + 1/24*q**4. Calculate the remainder when k(1) is divided by 6.
3
Let w(o) = o**3 - 3*o**2 - 6*o + 12. Let d = -3 - -9. Let s be w(d). Suppose 10*f - s = 3*f. Calculate the remainder when 47 is divided by f.
11
Let t(a) be the third derivative of 0*a + a**2 - 1/3*a**3 + 0 + 1/4*a**4. What is the remainder when t(2) is divided by 4?
2
Suppose 0 = 4*w - 8*w + 8. Suppose 2*l - 5*l + t = -180, w*l + 3*t - 109 = 0. Calculate the remainder when l is divided by 11.
4
Suppose 5*j + 38 - 578 = -5*a, 4 = 4*a. Suppose 0 = 2*p - p - j. Let w = -13136 - -13163. What is the remainder when p is divided by w?
26
Suppose 0 = 19*k - 751 - 503. What is the remainder when k is divided by 41?
25
Calculate the remainder when 117 is divided by -7 - -19 - -5*(-1 - -2).
15
Let x = -1430 - -1437. Calculate the remainder when x is divided by 5.
2
Suppose -12 = -4*q + 60. Let x = q - 14. Suppose z - 5*w - 38 = 0, x*z - 5*z + 3*w + 32 = 0. Calculate the remainder when z is divided by 8.
7
Let f(d) = 26*d - 479. Calculate the remainder when 893 is divided by f(19).
8
Let o = 76 - 65. Calculate the remainder when 130 is divided by o.
9
Suppose 4*z - 4*p - 732 = 0, 5*z = 3*z + p + 367. Calculate the remainder when z is divided by 38.
32
Let r = -244 + 253. What 